{"version":"1.0","provider_name":"(\u00c9let a pasin t\u00fal) L\u00e9p\u00e9sek egy stresszmentesebb \u00e9lethez","provider_url":"https:\/\/singli.cafeblog.hu","author_name":"Joyo","author_url":"https:\/\/singli.cafeblog.hu\/author\/Joyo-2-2-2-2\/","title":"H\u00fasv\u00e9t","html":"<P>&nbsp;<\/P>\r\n<P class=MsoNormal style=\"MARGIN: 0cm 0cm 0pt\"><B style=\"mso-bidi-font-weight: normal\"><U><SPAN style=\"FONT-SIZE: 14pt\">Piros toj\u00e1s, csoki nyuszi\u2026enn\u00e9l az\u00e9rt t\u00f6bbr\u0151l van sz\u00f3<?xml:namespace prefix = o ns = \"urn:schemas-microsoft-com:office:office\" \/><o:p><\/o:p><\/SPAN><\/U><\/B><\/P>\r\n<P class=MsoNormal style=\"MARGIN: 0cm 0cm 0pt\"><B style=\"mso-bidi-font-weight: normal\"><U><SPAN style=\"FONT-SIZE: 14pt\"><o:p><SPAN style=\"TEXT-DECORATION: none\">&nbsp;<\/SPAN><\/o:p><\/SPAN><\/U><\/B><\/P>\r\n<P class=MsoNormal style=\"MARGIN: 0cm 0cm 0pt\"><B style=\"mso-bidi-font-weight: normal\">H\u00fasv\u00e9tot az egyik legfontosabb kereszt\u00e9ny egyh\u00e1zi \u00fcnnepek k\u00f6z\u00e9 sorolj\u00e1k, melyet m\u00e1rcius vagy \u00e1prilis h\u00f3napban tartanak. Egybe esik a tavaszi nap\u00e9jegyenl\u0151s\u00e9ggel, melynek elemei szint\u00e9n az \u00fajj\u00e1sz\u00fclet\u00e9s, \u00e9s a felt\u00e1mad\u00e1s. <o:p><\/o:p><\/B><\/P>\r\n<P class=MsoNormal style=\"MARGIN: 0cm 0cm 0pt\"><B style=\"mso-bidi-font-weight: normal\"><o:p>&nbsp;<\/o:p><\/B><\/P>\r\n<P class=MsoNormal style=\"MARGIN: 0cm 0cm 0pt\">A Biblia szerint J\u00e9zus, a p\u00e9nteki keresztre fesz\u00edt\u00e9s ut\u00e1ni harmadik napon, vas\u00e1rnap felt\u00e1madt, helyettes\u00edt\u0151 \u00e1ldozattal megv\u00e1ltotta az eg\u00e9sz emberis\u00e9g b\u0171n\u00e9t, felt\u00e1mad\u00e1sa, pedig gy\u0151zelmet aratott a hal\u00e1l felett. <o:p><\/o:p><\/P>\r\n<P class=MsoNormal style=\"MARGIN: 0cm 0cm 0pt\">A h\u00fasv\u00e9t \u00e9s a hozz\u00e1 kapcsol\u00f3d\u00f3 \u00fcnnepek a kereszt\u00e9ny egyh\u00e1z mozg\u00f3 \u00fcnnepei k\u00f6z\u00e9 tartoznak, ami azt jelenti, hogy sosem esnek a Juli\u00e1nusz napt\u00e1r ugyan azon napj\u00e1ra. (A 2009es \u00e9vben ezek a napok \u00c1prilis 12-13a.)<\/P>\r\n<P class=MsoNormal style=\"MARGIN: 0cm 0cm 0pt\"><o:p>&nbsp;<\/o:p><\/P>\r\n<P class=MsoNormal style=\"MARGIN: 0cm 0cm 0pt\">325-ben hat\u00e1rozott \u00fagy az els\u0151 niceai zsinat, hogy mindig ugyan azon a vas\u00e1rnapon \u00fcnnepelj\u00e9k Krisztus felt\u00e1mad\u00e1s\u00e1t, m\u00e9gpedig, legyen a kereszt\u00e9ny h\u00fasv\u00e9t id\u0151pontja, a tavaszi nap\u00e9jegyenl\u0151s\u00e9g (mikor egyform\u00e1n hossz\u00fa a nappal \u00e9s az \u00e9jszaka id\u0151tartama) ut\u00e1ni els\u0151 holdt\u00f6lt\u00e9t k\u00f6vet\u0151 vas\u00e1rnap. Ha csillag\u00e1szati \u00e9rtelemben vessz\u00fck a tavaszi nap\u00e9jegyenl\u0151s\u00e9g ut\u00e1ni els\u0151 holdt\u00f6lt\u00e9t, k\u00f6vet\u0151 vas\u00e1rnapot, term\u00e9szetesen nem felt\u00e9tlen\u00fcl kapjuk meg H\u00fasv\u00e9t id\u0151pontj\u00e1t. A katolikusegyh\u00e1z 1581-ben, a k\u00e1nonban r\u00f6gz\u00edtette azt a sz\u00e1m\u00edt\u00e1si m\u00f3dot, mely meghat\u00e1rozza ennek napt\u00e1ri hely\u00e9t. <SPAN style=\"mso-spacerun: yes\">&nbsp;<\/SPAN><\/P>\r\n<P class=MsoNormal style=\"MARGIN: 0cm 0cm 0pt\"><o:p>&nbsp;<\/o:p><\/P>\r\n<P class=MsoNormal style=\"MARGIN: 0cm 0cm 0pt\">Ha az \u00fcnnep nev\u00e9nek eredet\u00e9re keress\u00fck a v\u00e1laszt, ism\u00e9t bebizonyosodik, hogy a magyar nyelvbesz\u00e9l\u0151 nyelv. Krisztus sivatagban t\u00f6lt\u00f6tt negyvennapos elvonul\u00e1s\u00e1nak eml\u00e9k\u00e9re tartott b\u00f6jtid\u0151szak v\u00e9g\u00e9t jelzi. Ezen a napon vehet\u00fcnk magunkhoz el\u0151sz\u00f6r <I style=\"mso-bidi-font-style: normal\">h\u00fast<\/I>. A b\u00f6jt utols\u00f3 het\u00e9nek neve: nagyh\u00e9t, a h\u00fasv\u00e9t ut\u00e1ni h\u00e9t h\u00fasv\u00e9t hete, egyes magyar vid\u00e9keken feh\u00e9rh\u00e9t \u2013 feh\u00e9rvas\u00e1rnapig tart.<\/P>\r\n<P style=\"BACKGROUND: #f8fcff\">Az \u00fcnnep h\u00e9ber neve <I style=\"mso-bidi-font-style: normal\">p\u00e9szah<\/I>, amely elker\u00fcl\u00e9st jelent, arra utalva, hogy a hal\u00e1l angyala mik\u00e9nt ker\u00fclte el a h\u00e9ber h\u00e1zakat, melyek szem\u00f6ld\u00f6kf\u00e1j\u00e1t b\u00e1r\u00e1ny v\u00e9rrel festett\u00e9k meg, a bibliai t\u00edz csap\u00e1s idej\u00e9n. Az angol Easter a n\u00e9met Oster sz\u00f3val egy\u00fctt keresend\u0151. \u0150se egy germ\u00e1n istenn\u0151, Ostara a tavasz keleti (angol East, n\u00e9met Ost) \u00farn\u0151je, \u00fcnnepe a tavaszi nap\u00e9jegyenl\u0151s\u00e9g idej\u00e9n volt.<\/P>\r\n<P style=\"BACKGROUND: #f8fcff\">Eme bibliai \u00fcnnep a tizenhatodik sz\u00e1zadban keveredett \u00f6ssze a piros toj\u00e1ssal, a locsolkod\u00e1ssal \u00e9s a <I style=\"mso-bidi-font-style: normal\">H\u00fasv\u00e9ti Ny\u00fallal<\/I>. Az ugribugri tapsif\u00fcles legend\u00e1ja nyugat-eur\u00f3p\u00e1b\u00f3l eredeztethet\u0151, s m\u00e1ra a gyermekek kedvenc\u00e9v\u00e9 v\u00e1lt. Titokban sz\u00f6kdel az ablak al\u00e1, s hagy sz\u00e1mukra aj\u00e1nd\u00e9kot elrejtve valahol, ak\u00e1r a Mikul\u00e1s. A h\u00fasv\u00e9ti ny\u00fal egyes forr\u00e1sok szerint az ezer\u00f6tsz\u00e1zas \u00e9vek b\u00e9li N\u00e9metorsz\u00e1gban v\u00e1lt a kereszt\u00e9ny \u00fcnnepk\u00f6r r\u00e9sz\u00e9v\u00e9, itt k\u00e9sz\u00edtett\u00e9k az els\u0151 kos\u00e1rf\u00e9szket \u00e9s k\u00e9s\u0151bb az els\u0151 \u00e9dess\u00e9gb\u0151l k\u00e9sz\u00fclt nyulat. <\/P>\r\n<P style=\"BACKGROUND: #f8fcff\">Az \u00e9vek sor\u00e1n H\u00fasv\u00e9t k\u00f6zeledt\u00e9vel a boltokban megjelentek a csoki nyulak, csoki toj\u00e1sok, pl\u00fcss tapsif\u00fclesek, b\u00e1r akkor \u00e9ri a gyermeket \u00f3ri\u00e1si meglepet\u00e9s, ha a nyulas csomagol\u00e1st let\u00e9pkedve, egy b\u00e1gyadt Mikul\u00e1s mosolyog r\u00e1. Igaz, ezek az incidensek egyre ritk\u00e1bbak. Ezt elker\u00fclend\u0151en, v\u00e1s\u00e1rl\u00e1sn\u00e1l, igyekezz\u00fcnk adni a min\u0151s\u00e9gre, ne el\u00e9gedj\u00fcnk meg az \u00fajrahasznos\u00edtott kaka\u00f3massz\u00e1val. K\u00f6rbetekintve meggy\u0151z\u0151dhet\u00fcnk r\u00f3la, hogy a k\u00fcl\u00f6nb\u00f6z\u0151 csoki m\u00e1rk\u00e1k k\u00e9pzelete hat\u00e1rtalan. Ott sorakoznak a polcokon k\u00fcl\u00f6nb\u00f6z\u0151 m\u00e9terekben a tapsif\u00fclesek. Lil\u00e1k, z\u00f6ldek, k\u00e9kek, t\u00f6m\u00f6rek, \u00fcregesek, keser\u0171 csokit\u00f3l a tejcsokol\u00e1d\u00e9ig, aj\u00e1nd\u00e9kcsomagban pl\u00fcss nyuszival, vagy barik\u00e1val p\u00e1ros\u00edtva, b\u00f6gr\u00e9vel vagy kulcstart\u00f3val. A lehet\u0151s\u00e9geknek csup\u00e1n a p\u00e9nzt\u00e1rca szab hat\u00e1rt.<SPAN style=\"mso-spacerun: yes\">&nbsp; <\/SPAN><SPAN style=\"mso-spacerun: yes\">&nbsp;&nbsp;<\/SPAN><\/P>\r\n<P style=\"BACKGROUND: #f8fcff\"><o:p>&nbsp;<\/o:p><\/P>\r\n<P style=\"BACKGROUND: #f8fcff\">F\u00fcl\u00f6p Johanna Kitti<\/P>\r\n<P><\/P>","type":"rich"}

(Élet a pasin túl) Lépések egy stresszmentesebb élethez

Húsvét

<P>&nbsp;</P>
<P class=MsoNormal style="MARGIN: 0cm 0cm 0pt"><B style="mso-bidi-font-weight: normal"><U><SPAN style="FONT-SIZE: 14pt">Piros tojás, csoki nyuszi…ennél azért többről van szó<?xml:namespace prefix = o ns = "urn:schemas-microsoft-com:office:office" /><o:p></o:p></SPAN></U></B></P>
<P class=MsoNormal style="MARGIN: 0cm 0cm 0pt"><B style="mso-bidi-font-weight: normal"><U><SPAN style="FONT-SIZE: 14pt"><o:p><SPAN style="TEXT-DECORATION: none">&nbsp;</SPAN></o:p></SPAN></U></B></P>
<P class=MsoNormal style="MARGIN: 0cm 0cm 0pt"><B style="mso-bidi-font-weight: normal">Húsvétot az egyik legfontosabb keresztény egyházi ünnepek közé sorolják, melyet március vagy április hónapban tartanak. Egybe esik a tavaszi napéjegyenlőséggel, melynek elemei szintén az újjászületés, és a feltámadás. <o:p></o:p></B></P>
<P class=MsoNormal style="MARGIN: 0cm 0cm 0pt"><B style="mso-bidi-font-weight: normal"><o:p>&nbsp;</o:p></B></P>
<P class=MsoNormal style="MARGIN: 0cm 0cm 0pt">A Biblia szerint Jézus, a pénteki keresztre feszítés utáni harmadik napon, vasárnap feltámadt, helyettesítő áldozattal megváltotta az egész emberiség bűnét, feltámadása, pedig győzelmet aratott a halál felett. <o:p></o:p></P>
<P class=MsoNormal style="MARGIN: 0cm 0cm 0pt">A húsvét és a hozzá kapcsolódó ünnepek a keresztény egyház mozgó ünnepei közé tartoznak, ami azt jelenti, hogy sosem esnek a Juliánusz naptár ugyan azon napjára. (A 2009es évben ezek a napok Április 12-13a.)</P>
<P class=MsoNormal style="MARGIN: 0cm 0cm 0pt"><o:p>&nbsp;</o:p></P>
<P class=MsoNormal style="MARGIN: 0cm 0cm 0pt">325-ben határozott úgy az első niceai zsinat, hogy mindig ugyan azon a vasárnapon ünnepeljék Krisztus feltámadását, mégpedig, legyen a keresztény húsvét időpontja, a tavaszi napéjegyenlőség (mikor egyformán hosszú a nappal és az éjszaka időtartama) utáni első holdtöltét követő vasárnap. Ha csillagászati értelemben vesszük a tavaszi napéjegyenlőség utáni első holdtöltét, követő vasárnapot, természetesen nem feltétlenül kapjuk meg Húsvét időpontját. A katolikusegyház 1581-ben, a kánonban rögzítette azt a számítási módot, mely meghatározza ennek naptári helyét. <SPAN style="mso-spacerun: yes">&nbsp;</SPAN></P>
<P class=MsoNormal style="MARGIN: 0cm 0cm 0pt"><o:p>&nbsp;</o:p></P>
<P class=MsoNormal style="MARGIN: 0cm 0cm 0pt">Ha az ünnep nevének eredetére keressük a választ, ismét bebizonyosodik, hogy a magyar nyelvbeszélő nyelv. Krisztus sivatagban töltött negyvennapos elvonulásának emlékére tartott böjtidőszak végét jelzi. Ezen a napon vehetünk magunkhoz először <I style="mso-bidi-font-style: normal">húst</I>. A böjt utolsó hetének neve: nagyhét, a húsvét utáni hét húsvét hete, egyes magyar vidékeken fehérhét – fehérvasárnapig tart.</P>
<P style="BACKGROUND: #f8fcff">Az ünnep héber neve <I style="mso-bidi-font-style: normal">pészah</I>, amely elkerülést jelent, arra utalva, hogy a halál angyala miként kerülte el a héber házakat, melyek szemöldökfáját bárány vérrel festették meg, a bibliai tíz csapás idején. Az angol Easter a német Oster szóval együtt keresendő. Őse egy germán istennő, Ostara a tavasz keleti (angol East, német Ost) úrnője, ünnepe a tavaszi napéjegyenlőség idején volt.</P>
<P style="BACKGROUND: #f8fcff">Eme bibliai ünnep a tizenhatodik században keveredett össze a piros tojással, a locsolkodással és a <I style="mso-bidi-font-style: normal">Húsvéti Nyúllal</I>. Az ugribugri tapsifüles legendája nyugat-európából eredeztethető, s mára a gyermekek kedvencévé vált. Titokban szökdel az ablak alá, s hagy számukra ajándékot elrejtve valahol, akár a Mikulás. A húsvéti nyúl egyes források szerint az ezerötszázas évek béli Németországban vált a keresztény ünnepkör részévé, itt készítették az első kosárfészket és később az első édességből készült nyulat. </P>
<P style="BACKGROUND: #f8fcff">Az évek során Húsvét közeledtével a boltokban megjelentek a csoki nyulak, csoki tojások, plüss tapsifülesek, bár akkor éri a gyermeket óriási meglepetés, ha a nyulas csomagolást letépkedve, egy bágyadt Mikulás mosolyog rá. Igaz, ezek az incidensek egyre ritkábbak. Ezt elkerülendően, vásárlásnál, igyekezzünk adni a minőségre, ne elégedjünk meg az újrahasznosított kakaómasszával. Körbetekintve meggyőződhetünk róla, hogy a különböző csoki márkák képzelete határtalan. Ott sorakoznak a polcokon különböző méterekben a tapsifülesek. Lilák, zöldek, kékek, tömörek, üregesek, keserű csokitól a tejcsokoládéig, ajándékcsomagban plüss nyuszival, vagy barikával párosítva, bögrével vagy kulcstartóval. A lehetőségeknek csupán a pénztárca szab határt.<SPAN style="mso-spacerun: yes">&nbsp; </SPAN><SPAN style="mso-spacerun: yes">&nbsp;&nbsp;</SPAN></P>
<P style="BACKGROUND: #f8fcff"><o:p>&nbsp;</o:p></P>
<P style="BACKGROUND: #f8fcff">Fülöp Johanna Kitti</P>
<P></P>
